hat are the prime factors of 474625069?
1811, 262079
What are the prime factors of 67381896?
2, 3, 1423, 1973
List the prime factors of 1203574812.
2, 3, 11, 1279, 7129
List the prime factors of 1383380276.
2, 345845069
What are the prime factors of 138794682?
2, 3, 13, 1087, 1637
List the prime factors of 234689415.
3, 5, 241, 64921
What are the prime factors of 323598430?
2, 5, 32359843
What are the prime factors of 253147337?
253147337
List the prime factors of 902997846.
2, 3, 50166547
What are the prime factors of 6807320002?
2, 7, 271, 5231
List the prime factors of 929972977.
929972977
What are the prime factors of 11796895?
5, 11, 17, 31, 37
What are the prime factors of 659831488?
2, 193, 53419
What are the prime factors of 883181721?
3, 294393907
What are the prime factors of 95726111?
13, 311, 23677
What are the prime factors of 811205487?
3, 29, 3108067
What are the prime factors of 38175574?
2, 17, 1122811
What are the prime factors of 16745457?
3, 5581819
List the prime factors of 124586589.
3, 41528863
What are the prime factors of 405887204?
2, 101471801
What are the prime factors of 439740816?
2, 3, 2647, 3461
What are the prime factors of 306711719?
113, 2714263
What are the prime factors of 425585101?
211, 1009, 1999
What are the prime factors of 92305658?
2, 1103, 41843
What are the prime factors of 220190785?
5, 61, 419, 1723
What are the prime factors of 5964050051?
1103, 5407117
What are the prime factors of 179489414?
2, 13, 6903439
What are the prime factors of 131300569?
131300569
List the prime factors of 3345334244.
2, 7, 4441, 26903
List the prime factors of 4170862986.
2, 3, 79, 2243, 3923
List the prime factors of 390333086.
2, 11, 13, 157, 8693
What are the prime factors of 443318980?
2, 5, 13, 883, 1931
What are the prime factors of 359018631?
3, 17, 97, 1423
What are the prime factors of 54924419?
11, 4993129
What are the prime factors of 2780082276?
2, 3, 313, 740171
What are the prime factors of 173006711?
173006711
What are the prime factors of 453749739?
3, 241, 627593
List the prime factors of 32321644.
2, 8080411
What are the prime factors of 366434558?
2, 7, 17, 1539641
List the prime factors of 357461109.
3, 39717901
List the prime factors of 159419010.
2, 3, 5, 5313967
What are the prime factors of 5141938531?
4231, 1215301
What are the prime factors of 999765886?
2, 7, 17, 23, 182639
What are the prime factors of 613955117?
5087, 120691
What are the prime factors of 1775755394?
2, 7, 1637, 11069
What are the prime factors of 46743677?
46743677
List the prime factors of 1005130285.
5, 29, 101, 68633
List the prime factors of 204050837.
6529, 31253
What are the prime factors of 27102768?
2, 3, 7, 11, 7333
List the prime factors of 30614345.
5, 401, 15269
List the prime factors of 33778410.
2, 3, 5, 37, 30431
List the prime factors of 275887560.
2, 3, 5, 13, 17, 101, 103
What are the prime factors of 48296566?
2, 2347, 10289
What are the prime factors of 1555734601?
1555734601
What are the prime factors of 372959635?
5, 74591927
List the prime factors of 119328955.
5, 257, 92863
List the prime factors of 276436807.
276436807
List the prime factors of 185114249.
185114249
What are the prime factors of 43996676?
2, 419, 26251
List the prime factors of 454935608.
2, 163, 409, 853
What are the prime factors of 129895486?
2, 7, 9278249
List the prime factors of 536453301.
3, 178817767
List the prime factors of 160572190.
2, 5, 16057219
What are the prime factors of 35750961?
3, 3972329
What are the prime factors of 393747284?
2, 7, 14062403
What are the prime factors of 139004645?
5, 13, 401, 5333
What are the prime factors of 43487619?
3, 7, 2070839
What are the prime factors of 463502481?
3, 13, 11884679
What are the prime factors of 346184791?
1153, 300247
List the prime factors of 1311815895.
3, 5, 13, 167, 40283
What are the prime factors of 133407781?
13, 521, 19697
What are the prime factors of 820962850?
2, 5, 107, 173, 887
What are the prime factors of 4103488529?
7, 586212647
What are the prime factors of 804238342?
2, 439, 641, 1429
List the prime factors of 818321799.
3, 59, 4623287
List the prime factors of 1048832906.
2, 11, 47674223
What are the prime factors of 46228535?
5, 109, 271, 313
What are the prime factors of 55898807?
55898807
What are the prime factors of 4643664463?
103, 1493, 30197
What are the prime factors of 104466358?
2, 73, 715523
List the prime factors of 37099597.
1721, 21557
List the prime factors of 57928671.
3, 491, 13109
What are the prime factors of 57290794?
2, 11, 2604127
List the prime factors of 174313603.
174313603
List the prime factors of 445989336.
2, 3, 13, 101, 14153
List the prime factors of 3383359124.
2, 29, 137, 212897
List the prime factors of 23794420.
2, 5, 13, 23, 173
What are the prime factors of 60821424?
2, 3, 137, 3083
What are the prime factors of 15525637?
31, 181, 2767
What are the prime factors of 288710297?
37, 149, 52369
List the prime factors of 123898624.
2, 113, 4283
What are the prime factors of 21718275?
3, 5, 289577
List the prime factors of 125439155.
5, 25087831
What are the prime factors of 132595448?
2, 73, 109, 2083
List the prime factors of 56443146.
2, 3, 47, 200153
What are the prime factors of 260245775?
5, 17, 31, 19753
What are the prime factors of 436253761?
61, 117241
What are the prime factors of 28755344?
2, 1797209
What are the prime factors of 1479351235?
5, 79, 3745193
What are the prime factors of 277126329?
3, 31, 569, 5237
What are the prime factors of 456008464?
2, 43, 257, 2579
What are the prime factors of 221115059?
11, 20101369
List the prime factors of 34231638.
2, 3, 7, 41, 103, 193
What are the prime factors of 139849169?
139849169
List the prime factors of 160074240.
2, 3, 5, 19, 1097
What are the prime factors of 509581225?
5, 20383249
What are the prime factors of 2941711848?
2, 3, 419, 97511
List the prime factors of 38528749.
7, 17, 23, 2011
What are the prime factors of 163604727?
3, 11, 13, 23, 5527
What are the prime factors of 9012719929?
587, 15353867
What are the prime factors of 49601542?
2, 29, 855199
List the prime factors of 49829910.
2, 3, 5, 13, 67, 1907
List the prime factors of 5062481164.
2, 13, 29, 31, 108293
List the prime factors of 302214651.
3, 100738217
List the prime factors of 677635272.
2, 3, 9411601
What are the prime factors of 21146056?
2, 73, 36209
List the prime factors of 868364738.
2, 434182369
What are the prime factors of 584820731?
11, 1091, 48731
List the prime factors of 28272764.
2, 13, 543707
What are the prime factors of 787312038?
2, 3, 509, 257797
List the prime factors of 55792036.
2, 331, 42139
What are the prime factors of 1566840321?
3, 43, 97, 13913
List the prime factors of 3391426075.
5, 733, 185071
List the prime factors of 115688115.
3, 5, 856949
What are the prime factors of 3065157533?
53, 103, 251, 2237
What are the prime factors of 15358700?
2, 5, 7, 37, 593
What are the prime factors of 5880463752?
2, 3, 245019323
What are the prime factors of 47588443?
7, 6798349
List the prime factors of 150518995.
5, 11, 41, 66749
What are the prime factors of 617638327?
31, 47, 73, 5807
What are the prime factors of 139514755?
5, 283, 98597
What are the prime factors of 489642404?
2, 127, 963863
List the prime factors of 472082299.
13, 17, 2136119
What are the prime factors of 82299061?
13, 6330697
List the prime factors of 1817319044.
2, 454329761
What are the prime factors of 4713545249?
7, 73, 691, 1907
List the prime factors of 1356138572.
2, 339034643
What are the prime factors of 465191915?
5, 19, 4896757
List the prime factors of 221181003.
3, 67, 122267
List the prime factors of 24765735.
3, 5, 521, 3169
List the prime factors of 78975287.
78975287
What are the prime factors of 301246845?
3, 5, 2837, 7079
List the prime factors of 362287683.
3, 37, 541, 2011
What are the prime factors of 954615851?
7, 23, 5929291
What are the prime factors of 103538763?
3, 647, 5927
What are the prime factors of 144307943?
13, 11100611
What are the prime factors of 82260085?
5, 2621, 6277
What are the prime factors of 46106643?
3, 11, 283, 4937
What are the prime factors of 8681722?
2, 7, 88589
What are the prime factors of 735899975?
5, 29435999
What are the prime